highest common divisor of l and z?
3
Let p = -32 + 60. What is the greatest common divisor of p and 4?
4
Let t = -221 + 222. What is the highest common factor of 4 and t?
1
Let x(d) = -3*d - 35. Let w be x(-14). What is the greatest common factor of w and 56?
7
Suppose 2*f + 3*r - 12 = 5*r, -f = 5*r - 36. What is the greatest common factor of f and 1?
1
Let m(p) = p**2 - 6*p + 5. Let o be m(9). What is the highest common factor of o and 16?
16
Let n = 23 + -48. Let a = n - -46. Suppose -4*d - 33 = -3*l, 2*l - 26 = 6*d - 2*d. What is the highest common factor of a and l?
7
Let b = 29 + -21. Suppose 113 - b = i. Let c(w) = 2*w + 5. Let x be c(5). Calculate the highest common factor of x and i.
15
Let l be 0 + (1 + 7 - 2). Suppose -4*t - l = -38. Calculate the highest common divisor of 40 and t.
8
Let l = 0 + 3. Suppose -6 = -l*y + 9. Suppose k - 1 - y = 4*n, -4*k + 4*n = -12. Calculate the highest common divisor of 1 and k.
1
Let g be 23*(-14)/(-21) + 1/(-3). Calculate the greatest common factor of g and 6.
3
Suppose o - 3*o = -4. Suppose -7*n + 2*n + 5 = 0. Let r = n + o. What is the greatest common factor of 2 and r?
1
Let r be ((-76)/(-6))/((-2)/(-3)). Suppose 2*u = -3 + 1, w - r = -u. Calculate the greatest common divisor of w and 50.
10
Let y(w) be the second derivative of 0 - 3*w + 115/6*w**3 + 1/2*w**2. Let l be y(2). Calculate the greatest common factor of 21 and l.
21
Let z be -4 + 6/2 + 3. Let c(j) = -j**3 - 2*j**2 - 2*j. Let w be c(-2). What is the highest common divisor of z and w?
2
Let o be ((-8)/6)/(1/(-3)). Suppose -5*l + 16 - 101 = 0. Let f = 3 - l. Calculate the highest common divisor of o and f.
4
Let d(z) = z**2 + 4*z. Let p be d(4). Suppose c + 2*c = 12. Calculate the highest common factor of p and c.
4
Let o = 5 + -6. Let i be 3/(o/(-1*4)). What is the highest common factor of 12 and i?
12
Suppose 20 = -4*c - 0*c, -4*v = 3*c - 117. Calculate the highest common factor of 11 and v.
11
Suppose 3*n + l + 0*l + 17 = 0, -2*l = -n - 8. Let q be (16/n)/((-2)/9). Let f = q - -6. Calculate the highest common factor of 54 and f.
18
Let k(a) = 2*a**2 + 3 + 0*a**2 - 5 + 3*a. Let n(w) = w**3 + 6*w**2 - w - 4. Let l be n(-6). Let c be k(l). What is the greatest common factor of c and 72?
12
Suppose 1 = -h, -4*b - 6*h + 32 = -2*h. Calculate the highest common factor of 63 and b.
9
Let p(j) = -j**3 + 21*j**2 - 18*j - 12. Let d be p(20). What is the highest common factor of d and 14?
14
Let g be (-2 - 1/(-1)) + 49. Suppose 2*u = -2*u + g. What is the highest common factor of 6 and u?
6
Let f be (-6)/27 - (-112)/18. Suppose 40 = 2*i + 4*a, -2*i + f*i - 2*a = 70. Calculate the greatest common factor of i and 36.
18
Let x be 1/4*(-3 - -7). What is the greatest common factor of x and 8?
1
Let a be (0 - -1)*1 + 55. Suppose -68 - a = -4*z. Suppose -n = -2*y - 2*n + z, -3*y + 43 = -2*n. What is the highest common factor of y and 30?
15
Let m = -151 + 263. Let l(d) = -4 + 4 + 8*d + 6*d. Let w be l(1). What is the greatest common divisor of m and w?
14
Let f(j) = 13*j - 1. Let c be f(1). Suppose 0 = -17*x + 13*x + 48. What is the highest common factor of x and c?
12
Let x(l) = 8*l**2 - 2. Let q be x(-3). Let g(b) = -b**2 + b - 26. Let z be g(0). Let a = -16 - z. Calculate the greatest common factor of q and a.
10
Let f(w) = 3*w**3 + w**2 - 2*w + 1. Let d be f(1). Suppose i = -5*s - 0*i + 89, -d*i - 75 = -4*s. What is the greatest common factor of 126 and s?
18
Suppose -2*z + 3*h - 2 = -0, -4*z = 5*h - 40. Suppose -4*v + z*v - 2 = 0. Calculate the highest common divisor of 16 and v.
2
Let q(w) = -w**2 - 12*w - 9. Let k be (-14)/(-63) + (-184)/18. Let i be q(k). What is the highest common factor of 22 and i?
11
Let f = -25 - -135. Calculate the highest common factor of f and 11.
11
Let o(h) = h**3 - 8*h**2 + h + 2. Let w be o(8). Calculate the greatest common divisor of 10 and w.
10
Let k be (-32)/(-8) + (3 - 1). Calculate the highest common factor of 6 and k.
6
Let q(v) be the second derivative of -v**3/6 + 3*v**2/2 - 4*v. Let w be q(-6). What is the highest common factor of 27 and w?
9
Let n be 8/(2 + (2/(-4) - 1)). What is the greatest common divisor of 32 and n?
16
Let d = -4 - -21. Calculate the highest common divisor of d and 68.
17
Suppose -2*t = -3*m + 57, 4*m - 22 = t + 19. Let v be 15/((-4)/(16/6)). Let w = v - t. Calculate the highest common factor of w and 1.
1
Suppose 7*o + 135 = 10*o. What is the highest common factor of o and 18?
9
Suppose -10 = -4*q + 22. Let g(c) = 4*c - 10. Let j be g(q). Let r = j - 10. Calculate the greatest common factor of r and 6.
6
Let o(a) = -a - 15. Let x be o(-10). Let v be ((-196)/(-70))/((-1)/x). Calculate the highest common divisor of v and 42.
14
Let p = 81 + -39. Let n(b) be the third derivative of b**4/24 + b**3/6 + 4*b**2. Let s be n(6). What is the highest common factor of s and p?
7
Let h = 11 - 23. Let r = h - -21. What is the greatest common factor of 1 and r?
1
Let b = 45 - 28. What is the highest common factor of 136 and b?
17
Let g be -1*21/(-3) - -1. Suppose -5*d = 3 - g. What is the greatest common factor of 9 and d?
1
Let l(b) = 2*b. Let q = -6 + 10. Let m be l(q). Calculate the greatest common divisor of 2 and m.
2
Let k(f) = -8*f - 4 - 3 - 5*f**2 + 1 + 5*f**3 - 4*f**3. Let v be k(7). Calculate the greatest common divisor of v and 6.
6
Let x = 99 + -57. What is the highest common divisor of 7 and x?
7
Let b = 17 + 5. Let u be (b/(-8))/((-1)/16). Calculate the greatest common divisor of 4 and u.
4
Suppose 0 = w + w - 84. Calculate the highest common divisor of w and 42.
42
Let c(z) = -z**2 - 8*z + 36. Let d be c(-11). What is the highest common divisor of 4 and d?
1
Let c(p) = 4*p**2 + 2*p + 2. Let t be c(-2). Let n = 27 - t. Let s = 18 - n. Calculate the highest common divisor of s and 20.
5
Suppose -2*v + v - 5 = 0. Let d(p) = -p**2 - 4*p + 5. Let c be d(v). Suppose c = -2*x - 54 + 158. What is the highest common divisor of x and 13?
13
Let n be -4*(-3)/((-3)/(-1)). Suppose 0 = k + 2 - 4. Suppose 70 = -k*b + n*b. Calculate the highest common divisor of b and 5.
5
Let c be 30*(145/50 - 2/5). What is the highest common factor of c and 45?
15
Suppose -2*p - 2*t = -80, p + 13 = -4*t + 38. What is the greatest common divisor of 5 and p?
5
Let l(h) = -h**3 + 7*h**2 + 2*h + 4. Let z be l(4). What is the highest common factor of z and 40?
20
Let j be ((-3)/(-5))/(-1) - (-84)/15. What is the greatest common divisor of 1 and j?
1
Suppose -3 - 7 = -s - 4*f, 0 = s - 4*f - 34. What is the highest common factor of 198 and s?
22
Let h = 6 + -2. Let a be 210/9 - h/(-6). Calculate the highest common divisor of a and 60.
12
Suppose -5*m = -5*h - 10, 17 = -m + 5*h + 3. Calculate the highest common factor of 42 and m.
6
Suppose -2*m = 2*m - 204. Suppose 2*r = -0*r - 3*j + 40, 77 = 5*r - 4*j. Calculate the greatest common factor of r and m.
17
Suppose 0 = -2*p + 30 + 20. What is the greatest common divisor of 225 and p?
25
Let u be (-4)/18 + 202/18. Let l(h) = 2*h**2 - 25*h - 20. Let g be l(14). What is the greatest common divisor of u and g?
11
Let r = 42 + 43. Let b = 10 - 1. Suppose a = -s + 2*a + 19, b = s + 4*a. What is the highest common factor of r and s?
17
Suppose -p - 2*j = -0*p - 29, 5*p = -5*j + 125. Let u be (-7)/(-21)*p*1. Let w(r) = 20*r - 4. Let h be w(3). Calculate the highest common factor of u and h.
7
Let r = -1 + 5. Let f(y) = 8*y**2 - y - 3. Let v be f(-3). Suppose 0*n + v = r*n. What is the highest common factor of 45 and n?
9
Let o be (-1)/2*2*108/(-2). Calculate the highest common factor of 6 and o.
6
Let y be ((-2)/(-5))/((-2)/(-20)). Let g(l) = -3*l - 2. Let u be g(-1). What is the highest common divisor of y and u?
1
Let y(h) be the third derivative of h**4/24 - h**3 + h**2. Let t be y(7). Let n(z) = -z - 8. Let l be n(-9). What is the greatest common factor of l and t?
1
Let u = -1 - 10. Let n(f) = f**3 + 10*f**2 - 10*f + 14. Let z be n(u). Suppose 3*r - 75 = 24. What is the highest common factor of r and z?
3
Suppose 4*c - 415 = -3*p, -2*c - 770 + 180 = -4*p. Let f be 6/(-4)*(-174)/9. What is the greatest common factor of f and p?
29
Suppose -6*r + 110 = -5*r. What is the highest common factor of r and 10?
10
Suppose 0 = 3*n - t + 5*t - 89, 5*n - 5*t - 90 = 0. What is the grea